?
-1202012210011
In base 10, what is 8667 - -2686?
11353
In base 13, what is a47 + -82c?
218
In base 15, what is -ae9ada + -3?
-ae9add
In base 15, what is 8 + -9e8a3e?
-9e8a36
In base 8, what is -24715360 + -6?
-24715366
In base 8, what is 312344307 - 4?
312344303
In base 7, what is -102346165 + 3?
-102346162
In base 10, what is -9 - 834826?
-834835
In base 10, what is -22 + 1933914?
1933892
In base 3, what is 22021221100 - 2221210?
22011222120
In base 8, what is 2 + 470632267?
470632271
In base 13, what is -4b + -c9231?
-c927c
In base 15, what is 11a5 - 32566?
-313b1
In base 16, what is -d + 4183c?
4182f
In base 16, what is -2e + 835ab?
8357d
In base 2, what is -100101000011 - -1001100001011?
100111001000
In base 11, what is -7829a216 + 2?
-7829a214
In base 7, what is 412515 + -20?
412465
In base 12, what is -3 + 195a870?
195a869
In base 8, what is 1375 + -215315?
-213720
In base 11, what is 32a20 + 123?
33043
In base 2, what is -1001110010111100 - -10?
-1001110010111010
In base 16, what is 43d - f9b9?
-f57c
In base 14, what is 45cb2 + -19?
45c97
In base 14, what is 875 + d2c0c?
d3683
In base 4, what is 0 + -100133222001?
-100133222001
In base 5, what is 0 - 3240204203?
-3240204203
In base 6, what is 30 - -2533404123?
2533404153
In base 14, what is 0 + 15da85?
15da85
In base 3, what is 101001211022022 + 12?
101001211022111
In base 3, what is -222122 - -2002212111?
2001212212
In base 4, what is -11122322 - 222?
-11123210
In base 4, what is -110131303031 - 11?
-110131303102
In base 9, what is -7430088 + 0?
-7430088
In base 7, what is -14045 + 1441113?
1424035
In base 12, what is -4 + -3a71250?
-3a71254
In base 11, what is 79 - -181098?
181166
In base 9, what is -5044733 + -22?
-5044755
In base 12, what is -38 - -118187?
11814b
In base 12, what is 6bb9682 - -3?
6bb9685
In base 15, what is -838 + 51d6?
489d
In base 10, what is -23709 - -32249?
8540
In base 7, what is -541060121 + 4?
-541060114
In base 10, what is -16143 + -15336?
-31479
In base 12, what is 214b + 1ba4?
4133
In base 16, what is 3 - -a6442b1?
a6442b4
In base 7, what is -1442252320 - 5?
-1442252325
In base 15, what is -19 - -386363?
386349
In base 9, what is -3 + -235542?
-235545
In base 14, what is -11 - bd925?
-bd936
In base 7, what is 255644 - 11243?
244401
In base 6, what is -3054454 - -1050?
-3053404
In base 8, what is -15055 - -16452?
1375
In base 15, what is -13 - 2634691?
-26346a4
In base 2, what is 11011110100100011001011101 - 1?
11011110100100011001011100
In base 8, what is -1073 - 67501?
-70574
In base 13, what is -8a + 31a482?
31a3c5
In base 10, what is -136415590 - -2?
-136415588
In base 14, what is 58d - 832a?
-7b7b
In base 3, what is -2201002201102002022 + -10?
-2201002201102002102
In base 7, what is -5361605 - -60?
-5361515
In base 14, what is 224c5 + b?
224d2
In base 6, what is 5311355 - 1342?
5310013
In base 9, what is 7048601 - 4?
7048586
In base 10, what is 293 + -64810?
-64517
In base 13, what is -11 + -4c268b8?
-4c268c9
In base 12, what is -8aba - -479?
-8641
In base 16, what is 225dd34 - 4?
225dd30
In base 11, what is -270 + -210872?
-211032
In base 14, what is -7358 - -190?
-71a8
In base 9, what is -7 + 12172538?
12172531
In base 3, what is 100110 - 2001211002?
-2001110122
In base 12, what is 49567 - 0?
49567
In base 5, what is -142201002 - -112?
-142200340
In base 12, what is -1a261 - -2202?
-1805b
In base 5, what is -10 + -42440240101?
-42440240111
In base 9, what is -1570425 + 63?
-1570352
In base 6, what is -22114052040 + -10?
-22114052050
In base 6, what is -12135 + -3115?
-15254
In base 3, what is 2100112110010211 - -10?
2100112110010221
In base 2, what is 10010111 - 110010101101101110?
-110010101011010111
In base 3, what is -12021 - 10221220212020?
-10221221001111
In base 14, what is a - 4476db?
-4476d1
In base 4, what is -1111032232023 - -12?
-1111032232011
In base 3, what is 12101 + -1020020020?
-1020000212
In base 13, what is 577 + -7316?
-6a6c
In base 2, what is -11111 - 10000110010100001110?
-10000110010100101101
In base 13, what is -14417 + 416c?
-10278
In base 10, what is -59830 + -258?
-60088
In base 11, what is -1 + 372965?
372964
In base 9, what is 1670316 - -25?
1670342
In base 8, what is -737631 + -5?
-737636
In base 4, what is -132 - -132120331333?
132120331201
In base 7, what is 36416244 - -2?
36416246
In base 5, what is 2 - -120204022124?
120204022131
In base 16, what is -c583236 + -1?
-c583237
In base 3, what is -110001 - 11022211101?
-11100021102
In base 15, what is 5b10 + -1dd6?
3c29
In base 4, what is 2131303320 - 2?
2131303312
In base 4, what is 23121110013031 - 0?
23121110013031
In base 8, what is -15 - -7671737?
7671722
In base 12, what is 2 + -1127672?
-1127670
In base 8, what is 105 - 741624?
-741517
In base 13, what is -6c1063 + 6?
-6c105a
In base 11, what is -11443 - 6702?
-18045
In base 11, what is -96a822 + 3?
-96a81a
In base 11, what is -2 + 16756096?
16756094
In base 11, what is -6 + -558a85a?
-558a865
In base 12, what is -86846b196 - -2?
-86846b194
In base 4, what is 1 - -312201232031?
312201232032
In base 10, what is -23 - 1448699?
-1448722
In base 16, what is -2 - f79a04?
-f79a06
In base 16, what is -4 + -1af2ea?
-1af2ee
In base 8, what is -152702 - -2323?
-150357
In base 9, what is -7708 - 657?
-8466
In base 15, what is -1e + -1c33900?
-1c3391e
In base 16, what is 11d + d761?
d87e
In base 4, what is 133321 - -13102332?
13302313
In base 10, what is 659001 - 35?
658966
In base 12, what is -162 + -74523?
-74685
In base 3, what is 1011202002012201 + -11?
1011202002012120
In base 14, what is -5 - 3047543?
-3047548
In base 8, what is -241 - 146247?
-146510
In base 12, what is -727 - -13293?
12768
In base 14, what is 2b155044 + -3?
2b155041
In base 5, what is -304004432101 - 4?
-304004432110
In base 6, what is 132100342 + 10?
132100352
In base 11, what is -19 - -57a1?
5783
In base 6, what is -4134 - -254130?
245552
In base 12, what is 3b539b - 2a?
3b5371
In base 15, what is 67906 - -13?
67919
In base 9, what is 1 - -20352288?
20352300
In base 3, what is 2001200221202 + -111?
2001200221021
In base 6, what is 0 + 334231243?
334231243
In base 10, what is -8 - 131648763?
-131648771
In base 7, what is 4350304 + 135?
4350442
In base 8, what is 1 + 613204114?
613204115
In base 8, what is -75 + -36165?
-36262
In base 7, what is -444652542 + 3?
-444652536
In base 5, what is -102343 - 1134?
-104032
In base 6, what is 105023232004 + 1?
105023232005
In base 16, what is 7 + -6e62c2?
-6e62bb
In base 12, what is -1228b9 - a?
-122907
In base 5, what is -34131 + -1400341?
-1440022
In base 8, what is -177 + 764445?
764246
In base 5, what is -12113102 - -113?
-12112434
In base 5, what is 24400304110 + 30?
24400304140
In base 8, what is 3 - -33421462?
33421465
In base 10, what is 196117261 + 5?
196117266
In base 12, what is 24b3364 + -22?
24b3342
In base 13, what is -41212 - -a3?
-4113c
In base 15, what is -36e - 11ee8?
-12367
In base 14, what is -48 + 76aaa?
76a62
In base 5, what is 23 + -42443320?
-42443242
In base 6, what is -554124 - -2305?
-551415
In base 13, what is -b1bb - a6b9?
-188a7
In base 15, what is 1166 - 507?
b5e
In base 15, what is -c519d + 1e?
-c517e
In base 2, what is 110011 - -10001100101111011?
10001100110101110
In base 2, what is 1000010000101110 + 10100100?
1000010011010010
In base 12, what is -61 + 39517?
39476
In base 9, what is -317872 + -2556?
-321538
In base 7, what is -1 + 340256161?
340256160
In base 15, what is -541e8a - -3?
-541e87
In base 8, what is 22562271 + -107?
22562162
In base 2, what is 11 - -1010111100011001000000001?
1010111100011001000000100
In base 15, what is 81c8 + 38?
8211
In base 7, what is -56120413 - 54?
-56120500
In base 8, what is 6 - 150375014?
-150375006
In base 14, what is -617b998 + -5?
-617b99d
In base 5, what is -4 - 214013304?
-214013313
In base 10, what is -97107691 + 2?
-97107689
In base 8, what is 125500355 - -5?
125500362
In base 10, what is 10 + -309553?
-309543
In base 3, what is 100001102220010221 - -11?
100001102220011002
In base 9, what is 1 + -5038814?
-5038813
In base 7, what is 112113 - 11252?
100531
In base 9, what is 314457 - 4552?
308805
In base 16, what is -4c62 - 239?
-4e9b
In base 15, what is 50c85 - -90?
50d25
In base 13, what is -a43b27 + 22?
-a43b05
In base 3, wh